173 = 2*o - 84. Suppose -q*w + 46*w = -1275. What is the hundreds digit of w?
2
Suppose -l + 5*l + 1000 = 0. Let v = l - -422. What is the hundreds digit of v?
1
Let z(i) = 3*i + 12. Let j = 105 - 100. What is the tens digit of z(j)?
2
Let y = -2289 - -6844. What is the units digit of y?
5
Let m = -1470 - -4231. What is the thousands digit of m?
2
Suppose 6 = 4*s - 2*s. Suppose -570 - 114 = -s*z. Suppose 0 = -i - 5*i + z. What is the units digit of i?
8
Suppose 0 = 4*f - 5*t - 4063, t + 3071 = 3*f + 2*t. What is the tens digit of f?
2
Suppose 5*p + 526 = 2*v - 3119, v + p - 1833 = 0. What is the thousands digit of v?
1
What is the units digit of -1772*186/248*2/(-3)?
6
Suppose -2*l = z + z - 4370, -2*z + 4373 = -l. What is the hundreds digit of z?
1
Suppose 0 = l - w - 0*w - 467, 3*l - 1385 = -5*w. What is the tens digit of l?
6
Suppose -f + r = -191, 5*r = -3*f - f + 728. What is the tens digit of f?
8
Suppose 169*f - 167*f = 26. Suppose -s - 6*n + f = -10*n, -81 = -3*s - 2*n. What is the units digit of s?
5
Let b(x) = -x + 4. Let l be b(2). Let j = -191 + 414. Suppose -l*c + 94 = -2*r, 7*c - 2*r - j = 2*c. What is the tens digit of c?
4
Suppose -4*l + 204 + 80 = 0. What is the tens digit of l?
7
Suppose 40*s + 11200 = 47*s. What is the tens digit of s?
0
Let h be 5/((-25)/10) - 1. Let r be (-144)/(-32)*(h - -1). What is the units digit of (r + 6)/((-6)/64)?
2
Let a be (-6)/(-27) + 44*4/18. What is the tens digit of a/(-55) - 608*15/(-66)?
3
Let s be (18/12)/((-3)/(-10)). Let j(t) = -4*t**3 - 3*t**2 + 4*t - 5. Let m be j(-4). Suppose -s*n = -3 - m. What is the units digit of n?
8
Suppose 0*v + 5*v = r + 195, -2*v = 3*r - 78. Suppose -v = -11*p + 16. What is the units digit of p?
5
Suppose 61*b = 49*b + 53328. What is the units digit of b?
4
Let h(v) = -v**3 - 44. Let o be h(0). Let m = -96 - o. Let l = 92 + m. What is the units digit of l?
0
Let q be (124/4)/(3/6). Let w = 129 - q. What is the units digit of w?
7
Suppose 10*f - 5*f + 2276 = x, -4*f = -x + 2280. What is the units digit of x?
6
Suppose 3*n = 5*z - 15 - 996, 4*z - 4*n = 812. Suppose 33 = -6*q + z. What is the tens digit of q?
2
Let i(b) be the first derivative of b**4/4 - 4*b**3 + 11*b**2/2 - 4*b - 23. What is the hundreds digit of i(13)?
3
Let c(b) = b**2 - 5*b + 6. Let y be c(6). Suppose -3*f = 10 - 22. Suppose -y = -2*x - f*d, 4*x + 4*d = 6*x - 12. What is the units digit of x?
6
Let d(r) = 7*r + 0*r**2 + 9 + 8*r**2 - 3*r - 2*r**2. What is the units digit of d(-4)?
9
Suppose 0 = -3*o - 10 + 1, 129 = 3*u + o. Let f(c) = -u + 39 + 7*c + c. What is the tens digit of f(4)?
2
Suppose -88*y = -93*y - 5. What is the units digit of (y - 4/(-5))/(28/(-140))?
1
Let c(k) = -k**2 - 7*k + 10. Suppose 5 = -5*q - 35. Let f be c(q). Suppose 0*v - 85 = -5*b - 5*v, 0 = -5*b + f*v + 92. What is the units digit of b?
8
Suppose -p + 110 = 3*j, -7*j + 3*j = 8. Let u = p - 21. What is the units digit of u?
5
Let b(k) = k**2 + 13*k + 24. Let l be b(-11). Suppose 3*z = -l*z + 190. What is the tens digit of z?
3
Let t be -18 + 5 + (4 - 5). Let v = 28 + t. What is the tens digit of v?
1
Suppose -2*g - 20 = -4*y, -2*y + 4*y - 5*g = 18. Let x be (y - 3)*8*-3. Let c = x - -32. What is the units digit of c?
8
Let z be 0 - (0 - 444/10)*-20. What is the hundreds digit of ((-30)/7)/(z/294 + 3)?
2
Suppose -a + 0*a - n = -52, 2*a - 2*n = 84. Suppose -2*w + 299 + a = 0. What is the tens digit of w?
7
What is the hundreds digit of (-492)/(-30)*20 - (-1 - -3)?
3
Let x(g) be the first derivative of 11*g**4/2 - 2*g**3/3 - g + 17. What is the tens digit of x(2)?
6
Let u = -23 + 20. What is the units digit of 3 - -121 - (-3)/u?
3
Let o be (9/18)/(14/(-4))*-35. Let d(z) = -2*z + 2. Let m(k) = -k + 3. Let n(x) = -6*d(x) + 5*m(x). What is the units digit of n(o)?
8
Suppose 0 = 10*w - 15*w + 25. Let x be (4/w)/((-4)/10). What is the units digit of -5*(-14)/(-4)*x?
5
Let j(k) = 3*k**3 + 13*k**2 + 13*k - 26. What is the tens digit of j(6)?
6
Let m(z) = -z**3 - 2*z - 14. Let w be m(0). Let v(q) = -q**3 - 16*q**2 - 29*q - 9. What is the units digit of v(w)?
5
Suppose 13*y = 8*y + 30. Suppose 3*b - y*b + s = -705, 2*b - s - 469 = 0. What is the hundreds digit of b?
2
Let q = -457 + 220. Let y = q - -514. What is the hundreds digit of y?
2
Let q = 1 - 1. Suppose 3*i = -0*i + 6. Let j = i + q. What is the units digit of j?
2
Let n(a) = a**2 - 3*a + 4. Let k be n(4). What is the units digit of k - (2 - 4/(-4))?
5
Let c(a) = -2*a**2 - 24*a + 26. Let r be c(-13). Suppose -i + 4*l + 112 = 0, i + i + l - 251 = r. What is the units digit of i?
4
What is the hundreds digit of -6 + -6*(-3896)/16?
4
Suppose 4*w - 227 = 2*g - 1423, -3*w = -g + 594. What is the hundreds digit of g?
6
Let r = 294 + -49. Suppose r = 5*v - 4*u - u, 2 = -u. Suppose 4*h + 2*g = g + 79, -2*h + g + v = 0. What is the units digit of h?
1
Suppose 2*y = -c + 1568, -2 = 2*y - 4*y. What is the thousands digit of c?
1
Let c be (1 + -3)*15/(-2). Let i(v) = v**3 - 14*v**2 - 13*v + 10. What is the tens digit of i(c)?
4
Let x(r) = -7*r - 46. Let k be x(-12). Let s = k + 84. What is the hundreds digit of s?
1
Let o(n) = -10*n - 16. Let l(b) = -11*b - 17. Let s(v) = -4*l(v) + 5*o(v). Let i be s(-5). Suppose i = 4*r - x - 7, -x = 3*r - 10. What is the units digit of r?
5
Let t(g) = 2*g**2 - g - 1. Let n be t(-1). Suppose 2*f = -4, 3*j + f = -n*f. Suppose k = 3*m - j*k - 51, 3*k = -15. What is the units digit of m?
2
Let q be (2 - 8/6)*24. Let p be -3 - q*(-6 + 3). Suppose -a + 85 = 3*a - 3*b, -4*b = a - p. What is the tens digit of a?
2
Suppose -k - 15486 = -30*k. What is the units digit of k?
4
Let l(r) be the first derivative of 13*r**2 + r - 5. What is the units digit of l(1)?
7
Suppose -3*h + 8*h - 205 = 0. Let y = 57 - h. Suppose 0*l = -4*l + y. What is the units digit of l?
4
What is the hundreds digit of (-1)/1 + 957 + -2?
9
Suppose 2*a + 5*a = -7. What is the tens digit of 380/6 - (a + 1/3)?
6
Suppose y = -2, w - 2 = y - 2*y. What is the units digit of (w/10)/(4/620)?
2
Let l(n) = n**2 - n + 2. Suppose 5*s + 7 = 2*v - 7, -5*s = -3*v + 21. Let q = v + -3. What is the tens digit of l(q)?
1
Let x = -18 + 4. Let d = x + 19. What is the units digit of d?
5
Suppose -10*b - 8*b = -36. Let k(o) = -o**3 - 7*o**2 - 6*o + 3. Let x be k(-6). Suppose 5*t + b*n - 135 = -x*n, n = -2. What is the units digit of t?
9
Let p(s) = s**2 + s + 2. Let v be p(0). Suppose v*r = -0*r + 34. Suppose -2*m - 3 = -f - r, -m = -4*f - 14. What is the units digit of m?
6
Let b = 63 + -59. Suppose -b*g - 145 = -9*g + p, 92 = 4*g + 4*p. What is the tens digit of g?
2
Let a be ((-88)/(-55))/((-4)/(-10)). Let l(u) = -u + 6. Let y be l(a). Suppose 0 = y*j + 2*j - 28. What is the units digit of j?
7
Let f(i) = i + 3. Let z be f(0). Suppose -3*r + 3 = k, 3*r = 7*r - z*k - 17. Suppose -5*u - 4*g + 109 = 0, 34 = r*u + g + 3*g. What is the units digit of u?
5
Suppose -4*l + 17 = z - 27, 4*z + 5*l = 121. Let s = 6 - -1. Suppose -z = -g + s. What is the units digit of g?
1
Let h = 1612 + -985. What is the units digit of h?
7
Let n(b) = b + 25. Suppose -c - 7 = 3*k, 4*k + 18 = -3*c + c. Let z be n(c). What is the units digit of -1 + z - (-2)/(-1)?
9
Let i(p) = -14*p - 1. Let f be i(-6). Suppose f = m + 9. What is the units digit of m?
4
Suppose 36 - 11 = 5*b. Suppose 0 = -4*w + b*f + 164, 0 = -3*w + 2*f - 7*f + 123. What is the units digit of w?
1
Let a = -48 + 114. What is the units digit of a?
6
Suppose -30 = -4*k + 2*x, -2*x - 6 = -4*x. Suppose -2*u - k = -5*u. Suppose -f - 4 = f, u*f - 24 = -3*j. What is the tens digit of j?
1
Let p(a) = -4 - a**3 - 3 + a - 6*a**2 + 14*a**2. Let q be 4/(-30) - 122/(-15). What is the units digit of p(q)?
1
Suppose -3*a + 0*a = -9. Let x be 12*(-2 - (a + -1)). Let s = -31 - x. What is the tens digit of s?
1
Let w(b) = -b**3 + 20*b**2 + 89*b - 10. What is the tens digit of w(-10)?
0
What is the tens digit of -1*59*(8 - -1 - 10)?
5
Let f(p) = 9*p - 1. Suppose 20 = -4*j, -3*j = -3*s - 6 + 27. Suppose -18 = -4*n - s*n. What is the tens digit of f(n)?
2
Let l(o) = -o + 11. Let n be l(9). What is the tens digit of (0 + (-1)/n)*2 + 261?
6
What is the hundreds digit of 3/(15/(-25)) - 4144/(-7)?
5
Let v be ((-1)/(-2))/(8/64). Suppose v*x = -x. Suppose x = z - 15 + 3. What is the uni